vert 1171 (base 14) to base 7.
11601
What is 1421 (base 6) in base 15?
19d
-100451 (base 6) to base 8
-17417
What is -7995 (base 14) in base 10?
-21103
What is -690c (base 13) in base 12?
-8623
Convert 2988 (base 14) to base 10.
7372
168d (base 15) to base 3
20122221
11010100100111 (base 2) to base 3
200122222
What is 1122120 (base 3) in base 7?
3336
What is -2221 (base 7) in base 10?
-799
-10110111 (base 2) to base 9
-223
What is 211 (base 12) in base 14?
177
-1803 (base 9) to base 4
-111210
What is -ca9b (base 16) in base 8?
-145233
Convert 1011100 (base 3) to base 9.
1140
-4a5b (base 13) to base 16
-293a
Convert 1201001002 (base 3) to base 12.
1750b
163 (base 16) to base 9
434
23212 (base 4) to base 3
1000111
Convert 11b4 (base 15) to base 12.
2221
What is -21110 (base 3) in base 12?
-149
Convert -c442 (base 16) to base 11.
-34825
What is -32320 (base 4) in base 3?
-1022021
What is -235 (base 6) in base 3?
-10112
What is 2435 (base 6) in base 9?
735
Convert 29380 (base 10) to base 5.
1420010
What is 16557 (base 8) in base 11?
5730
What is -a28c (base 13) in base 3?
-1010202112
241320 (base 7) to base 14
11d10
Convert -d2c (base 14) to base 2.
-101000011100
What is 990 (base 10) in base 6?
4330
Convert 353 (base 9) to base 5.
2131
What is 1221200001 (base 3) in base 6?
453431
What is 1202102221 (base 3) in base 5?
2101320
1020021 (base 3) to base 14
482
Convert -9ba9 (base 12) to base 7.
-101223
1000003 (base 5) to base 7
63364
Convert 217c (base 14) to base 3.
21221121
94a (base 11) to base 16
477
-2665 (base 8) to base 16
-5b5
What is 224214 (base 5) in base 7?
32332
What is -1625 (base 8) in base 9?
-1228
-7c41 (base 16) to base 15
-9659
2220212 (base 3) to base 2
100001010001
2412 (base 9) to base 16
701
e74 (base 16) to base 9
5061
What is -27d0 (base 14) in base 8?
-15602
What is e994 (base 15) in base 16?
c106
5253 (base 11) to base 6
52111
What is -95d (base 15) in base 13?
-c67
What is 1a43 (base 11) in base 14?
d2c
Convert -216325 (base 7) to base 13.
-14536
148 (base 9) to base 4
1331
Convert -20261 (base 11) to base 5.
-1421331
Convert 168c (base 14) to base 8.
7714
Convert -7646 (base 12) to base 16.
-32d6
Convert 2056 (base 12) to base 2.
110111000010
-18197 (base 10) to base 6
-220125
What is 23a8 (base 16) in base 3?
110112002
Convert 1124 (base 10) to base 4.
101210
Convert -112445 (base 6) to base 12.
-5725
What is -40980 (base 10) in base 14?
-10d12
4a1f (base 16) to base 4
10220133
686 (base 16) to base 5
23140
What is 695 (base 14) in base 16?
51b
What is 21120110 (base 3) in base 6?
41320
Convert 1474 (base 9) to base 13.
682
d2a (base 16) to base 9
4554
Convert -101010110 (base 2) to base 13.
-204
Convert -30340 (base 5) to base 16.
-7b2
-760 (base 8) to base 15
-231
Convert -2311 (base 4) to base 11.
-155
What is -333111 (base 4) in base 16?
-fd5
What is 100120022 (base 3) in base 7?
26222
Convert 1112 (base 4) to base 12.
72
Convert 3305 (base 10) to base 5.
101210
What is -3a0 (base 13) in base 15?
-2c7
What is 462 (base 16) in base 15?
4ec
-3869 (base 11) to base 3
-20220112
37bb (base 13) to base 14
2c64
What is 525 (base 9) in base 16?
1ac
Convert 364422 (base 7) to base 5.
4111121
25b (base 13) to base 3
120100
Convert -10033231 (base 4) to base 7.
-101461
Convert d4 (base 15) to base 8.
307
What is -901 (base 13) in base 16?
-5f2
Convert -2020112 (base 3) to base 5.
-23014
What is -4440 (base 5) in base 14?
-324
What is 102312 (base 4) in base 14?
622
Convert 14238 (base 9) to base 7.
40130
Convert -81a (base 11) to base 5.
-12424
Convert 1a9a (base 16) to base 13.
313b
Convert -221 (base 14) to base 11.
-353
What is 2b6 (base 12) in base 2?
110101010
What is 46 (base 8) in base 10?
38
What is 454 (base 14) in base 4?
31122
What is -33211 (base 5) in base 11?
-1807
Convert 238ba (base 12) to base 10.
47950
Convert -17655 (base 8) to base 10.
-8109
1693 (base 12) to base 10
2703
Convert -1431 (base 16) to base 10.
-5169
-1001111100100 (base 2) to base 3
-20222121
Convert 90 (base 14) to base 2.
1111110
Convert -23102 (base 4) to base 8.
-1322
Convert -866 (base 16) to base 2.
-100001100110
What is -2a5 (base 13) in base 8?
-731
8d6 (base 14) to base 15
7c1
What is -445e (base 15) in base 9?
-21778
What is a31 (base 12) in base 16?
5c5
7e1 (base 15) to base 3
2110011
What is 2054 (base 14) in base 15?
19ac
What is 21d (base 16) in base 10?
541
-453 (base 16) to base 2
-10001010011
4693 (base 11) to base 9
8385
What is -12403 (base 7) in base 4?
-303112
-2451 (base 9) to base 3
-2111201
1011010000 (base 2) to base 7
2046
-3236 (base 16) to base 8
-31066
18aa (base 15) to base 5
132320
-12a20 (base 13) to base 9
-52503
Convert -34 (base 14) to base 8.
-56
Convert -1121112 (base 3) to base 2.
-10010010111
-cd (base 16) to base 15
-da
-3153 (base 13) to base 9
-10326
What is 2001220121 (base 3) in base 14?
10bd5
What is -118 (base 14) in base 13?
-13a
-7265 (base 8) to base 6
-25233
1e07 (base 15) to base 4
1212010
-219 (base 12) to base 4
-10311
41c (base 13) to base 12
4a5
Convert -3311 (base 4) to base 12.
-185
Convert -851 (base 9) to base 3.
-221201
13023300 (base 4) to base 8
71360
What is 210110 (base 4) in base 14?
bc0
What is -34485 (base 9) in base 12?
-11388
What is -5629 (base 10) in base 11?
-4258
-1253 (base 7) to base 13
-2ab
21221 (base 5) to base 7
4121
What is -63036 (base 7) in base 16?
-3c66
What is a2a (base 11) in base 6?
5430
Convert -1031441 (base 5) to base 6.
-214054
1154 (base 12) to base 15
891
Convert -10000110011 (base 2) to base 7.
-3064
What is -100331 (base 4) in base 12?
-765
What is 31312 (base 4) in base 7?
2404
41621 (base 7) to base 16
2810
Convert -1286 (base 16) to base 6.
-33542
What is -6046 (base 7) in base 13?
-c4c
What is 11022 (base 3) in base 4?
1310
-2234330 (base 5) to base 3
-2000211012
-54504 (base 6) to base 16
-1d68
Convert 533d (base 14) to base 15.
43c8
Convert -1011100000000110 (base 2) to base 7.
-254230
What is -1658 (base 14) in base 10?
-3998
Convert -4310 (base 5) to base 8.
-1104
What is 201011 (base 3) in base 12?
371
Convert -20122022 (base 3) to base 9.
-6568
-617 (base 8) to base 10
-399
-119 (base 13) to base 14
-d9
Convert 100312303 (base 4) to base 11.
47967
What is bc0 (base 15) in base 6?
20143
-230523 (base 6) to base 8
-46263
-492 (base 12) to base 13
-40a
What is 1125a (base 13) in base 4?
13213003
What is 721 (base 14) in base 16?
579
-cd (base 16) to base 8
-315
What is -6a70 (base 14) in base 7?
-105000
-5a1 (base 16) to base 12
-a01
What is 1000023 (base 4) in base 8?
10013
Convert -125 (base 7) to base 12.
-58
Convert 94 (base 16) to base 10.
148
What is -38ac (base 13) in base 2?
-1111110010101
113003 (base 4) to base 12
a2b
110010011011101 (base 2) to base 9
38370
101112020 (base 3) to base 5
221144
Convert 13993 (base 10) to base 13.
64a5
What is -8c7 (base 14) in base 8?
-3317
Convert -4b (base 13) to base 14.
-47
What is 10011000011101 (base 2) in base 6?
113101
-b60b (base 14) to base 13
-11382
4177 (base 11) to base 4
1112121
What is c7 (base 14) in base 6?
451
What is -e38 (base 16) in base 11?
-280a
-72 (base 16) to base 7
-222
-70 (base 16) to base 4
-1300
615 (base 9) to base 13
2c6
What is 1423 (base 10) in base 12?
9a7
What is -2c6 (base 13) in base 3?
-200112
Convert -10301 (base 4) to base 2.
-100110001
Convert 11000122 (base 3) to base 8.
5565
141133 (base 5) to base 15
1ab3
-41420 (base 5) to base 4
-222233
Convert 11366 (base 10) to base 3.
120120222
What is -4410 (base 16) in base 12?
-a100
-1324 (base 8) to base 5
-10344
What is 18410 (base 11) in base 5?
1311114
What is 2242 (base 9) in base 4?
121322
What is -30 (base 9) in base 12?
-23
-640 (base 7) to base 15
-167
What is -2021120 (base 3) in base 5?
-23122
Convert -19717 (base 12) to base 2.
-1001000111000011
Convert -309 (base 11) to base 9.
-453
What is 322311 (base 4) in base 10?
3765
What is 2e9 (base 15) in base 4?
22131
-2234 (base 5) to base 15
-164
What is 24440 (base 6) in base 5?
103444
-2681 (base 9) to base 13
-bc2
162 (base 13) to base 10
249
236 (base 7) to base 4
1331
Convert 34341 (base 5) to base 9.
3345
What is -21201011 (base 3) in base 11?
-424a
1000110001 (base 2) to base 3
202210
Convert 10984 (base 10) to base 16.
2ae8
-12433 (base 6) to